{"id":719,"date":"2017-09-25T14:55:53","date_gmt":"2017-09-25T13:55:53","guid":{"rendered":"https:\/\/yogadelorne.wordpress.com\/?page_id=2"},"modified":"2023-02-02T12:52:55","modified_gmt":"2023-02-02T11:52:55","slug":"accueil","status":"publish","type":"page","link":"https:\/\/www.yogadelorne.be\/","title":{"rendered":"Accueil"},"content":{"rendered":"<h1><strong>Le yoga de l&rsquo;Orne<\/strong><\/h1>\n<h2>Prendre le temps&#8230; pour votre corps et votre mental<\/h2>\n","protected":false},"excerpt":{"rendered":"<p>Yoga d\u00e9butant et interm\u00e9diaire et de yoga pr\u00e9natal et postnatal en Brabant wallon. Cours donn\u00e9s par Ya\u00ebl Chemin, dipl\u00f4m\u00e9e en viniyoga par l&rsquo;ABEPY et par le Dr de Gasquet. A Louvain-la-Neuve, \u00e0 Beaurieux, Mont-Saint-Guibert et au centre Haptis \u00e0 Perwez, Brabant wallon.<\/p>\n","protected":false},"author":1,"featured_media":27,"parent":0,"menu_order":0,"comment_status":"closed","ping_status":"closed","template":"page-templates\/front-page.php","meta":{"footnotes":""},"class_list":["post-719","page","type-page","status-publish","has-post-thumbnail","hentry"],"_links":{"self":[{"href":"https:\/\/www.yogadelorne.be\/index.php\/wp-json\/wp\/v2\/pages\/719","targetHints":{"allow":["GET"]}}],"collection":[{"href":"https:\/\/www.yogadelorne.be\/index.php\/wp-json\/wp\/v2\/pages"}],"about":[{"href":"https:\/\/www.yogadelorne.be\/index.php\/wp-json\/wp\/v2\/types\/page"}],"author":[{"embeddable":true,"href":"https:\/\/www.yogadelorne.be\/index.php\/wp-json\/wp\/v2\/users\/1"}],"replies":[{"embeddable":true,"href":"https:\/\/www.yogadelorne.be\/index.php\/wp-json\/wp\/v2\/comments?post=719"}],"version-history":[{"count":1,"href":"https:\/\/www.yogadelorne.be\/index.php\/wp-json\/wp\/v2\/pages\/719\/revisions"}],"predecessor-version":[{"id":982,"href":"https:\/\/www.yogadelorne.be\/index.php\/wp-json\/wp\/v2\/pages\/719\/revisions\/982"}],"wp:featuredmedia":[{"embeddable":true,"href":"https:\/\/www.yogadelorne.be\/index.php\/wp-json\/wp\/v2\/media\/27"}],"wp:attachment":[{"href":"https:\/\/www.yogadelorne.be\/index.php\/wp-json\/wp\/v2\/media?parent=719"}],"curies":[{"name":"wp","href":"https:\/\/api.w.org\/{rel}","templated":true}]}}